 of 784 and 48?
16
Calculate the highest common divisor of 273 and 156.
39
What is the highest common divisor of 69 and 9?
3
What is the highest common divisor of 90 and 37890?
90
Calculate the highest common factor of 30 and 10120.
10
What is the highest common factor of 1 and 43?
1
What is the highest common divisor of 3 and 501?
3
Calculate the greatest common divisor of 120 and 2120.
40
What is the greatest common divisor of 492 and 1353?
123
What is the greatest common factor of 39 and 84?
3
Calculate the highest common divisor of 52 and 832.
52
What is the greatest common factor of 170 and 14110?
170
What is the greatest common divisor of 392 and 8?
8
Calculate the greatest common factor of 50 and 130.
10
Calculate the greatest common factor of 2093 and 273.
91
What is the highest common factor of 790 and 17696?
158
Calculate the greatest common factor of 40 and 250.
10
What is the greatest common factor of 169 and 13?
13
What is the highest common factor of 41 and 23247?
41
Calculate the highest common divisor of 60 and 2370.
30
Calculate the greatest common divisor of 33002 and 58.
58
Calculate the highest common divisor of 114 and 1083.
57
Calculate the greatest common divisor of 3233 and 793.
61
What is the highest common divisor of 33 and 55044?
33
What is the highest common factor of 4340 and 84?
28
What is the highest common divisor of 1323 and 98?
49
Calculate the highest common factor of 200 and 2440.
40
What is the greatest common factor of 328 and 123?
41
Calculate the highest common divisor of 1152 and 1280.
128
Calculate the highest common divisor of 22 and 88.
22
What is the greatest common divisor of 9729 and 23?
23
Calculate the highest common divisor of 23 and 1840.
23
What is the greatest common factor of 183 and 3?
3
Calculate the highest common factor of 189 and 21.
21
Calculate the greatest common divisor of 419 and 1.
1
Calculate the highest common divisor of 4 and 596.
4
Calculate the highest common divisor of 112 and 688.
16
Calculate the greatest common divisor of 16 and 20.
4
Calculate the highest common divisor of 56 and 476.
28
Calculate the greatest common divisor of 24 and 20.
4
Calculate the greatest common factor of 3342 and 6.
6
Calculate the greatest common factor of 226 and 565.
113
What is the highest common factor of 34 and 272?
34
Calculate the highest common divisor of 2769 and 3621.
213
Calculate the greatest common divisor of 1156 and 68.
68
What is the greatest common divisor of 12 and 33?
3
Calculate the greatest common divisor of 47682 and 36.
18
Calculate the highest common factor of 60 and 30.
30
Calculate the highest common divisor of 4104 and 2432.
152
Calculate the greatest common divisor of 194 and 4.
2
Calculate the greatest common factor of 1608 and 1944.
24
What is the greatest common factor of 45 and 13365?
45
What is the highest common factor of 2880 and 27?
9
What is the highest common divisor of 4 and 216?
4
What is the greatest common divisor of 660 and 36?
12
What is the greatest common divisor of 1035 and 207?
207
What is the greatest common divisor of 5440 and 153?
17
Calculate the greatest common factor of 589 and 403.
31
What is the highest common divisor of 253 and 138?
23
What is the highest common factor of 1817 and 23?
23
Calculate the highest common factor of 6 and 9822.
6
Calculate the greatest common factor of 46 and 18262.
46
What is the greatest common factor of 50 and 9600?
50
What is the highest common divisor of 400 and 225?
25
Calculate the greatest common divisor of 17 and 13889.
17
What is the greatest common factor of 8 and 9848?
8
Calculate the highest common factor of 61 and 28487.
61
Calculate the highest common factor of 299 and 23.
23
What is the highest common factor of 201 and 54069?
201
Calculate the highest common factor of 171 and 81.
9
What is the highest common divisor of 115 and 31970?
115
Calculate the highest common divisor of 10 and 5.
5
What is the greatest common factor of 4777 and 17?
17
What is the greatest common factor of 393 and 183?
3
Calculate the greatest common factor of 124 and 14.
2
Calculate the highest common divisor of 22 and 253.
11
Calculate the highest common divisor of 42292 and 776.
388
Calculate the highest common factor of 182 and 602.
14
What is the greatest common divisor of 468 and 828?
36
Calculate the highest common factor of 228 and 1704.
12
What is the greatest common divisor of 10 and 106?
2
What is the highest common factor of 2220 and 640?
20
Calculate the highest common divisor of 9 and 4.
1
Calculate the greatest common divisor of 2233 and 44.
11
Calculate the highest common divisor of 54 and 144.
18
Calculate the highest common factor of 378 and 7434.
126
What is the greatest common divisor of 2596 and 44?
44
Calculate the greatest common divisor of 9 and 21.
3
Calculate the greatest common factor of 2 and 29.
1
What is the greatest common divisor of 52 and 1001?
13
What is the highest common factor of 8262 and 270?
54
What is the highest common factor of 31200 and 300?
300
Calculate the highest common divisor of 15589 and 357.
119
What is the greatest common factor of 164 and 123?
41
What is the highest common factor of 795 and 17755?
265
Calculate the greatest common factor of 1247 and 43.
43
Calculate the highest common divisor of 12684 and 252.
84
What is the greatest common divisor of 462 and 42?
42
What is the greatest common factor of 282 and 12?
6
Calculate the greatest common factor of 31 and 8990.
31
What is the greatest common divisor of 64 and 400?
16
Calculate the greatest common divisor of 5440 and 17.
17
What is the greatest common factor of 18 and 549?
9
Calculate the greatest common factor of 72616 and 464.
232
Calculate the highest common divisor of 9 and 5391.
9
Calculate the highest common factor of 40 and 136.
8
What is the greatest common divisor of 456 and 266?
38
Calculate the highest common factor of 30 and 160.
10
What is the highest common factor of 1769 and 122?
61
Calculate the greatest common divisor of 32 and 32.
32
Calculate the greatest common factor of 108 and 189.
27
What is the greatest common divisor of 812 and 28?
28
Calculate the greatest common factor of 10 and 470.
10
What is the highest common divisor of 150 and 2430?
30
What is the greatest common factor of 5 and 65?
5
Calculate the highest common divisor of 27528 and 496.
248
What is the highest common factor of 54 and 3834?
54
What is the greatest common divisor of 80377 and 11?
11
What is the greatest common divisor of 527 and 493?
17
Calculate the greatest common divisor of 736 and 23.
23
Calculate the highest common divisor of 24838 and 44.
22
Calculate the highest common factor of 320 and 60.
20
What is the greatest common divisor of 180 and 1476?
36
What is the highest common divisor of 2176 and 1972?
68
Calculate the highest common factor of 624 and 93.
3
What is the highest common factor of 63 and 72?
9
What is the highest common factor of 34 and 2754?
34
What is the highest common factor of 8 and 416?
8
What is the highest common divisor of 296 and 74?
74
What is the highest common divisor of 180 and 740?
20
Calculate the highest common factor of 147 and 168.
21
Calculate the highest common divisor of 2 and 133.
1
Calculate the greatest common factor of 126 and 3087.
63
What is the highest common factor of 684 and 372?
12
What is the greatest common factor of 1690 and 10?
10
What is the greatest common factor of 101 and 31?
1
What is the greatest common divisor of 1680 and 882?
42
Calculate the highest common factor of 20 and 320.
20
What is the greatest common divisor of 938 and 14?
14
Calculate the greatest common factor of 266 and 494.
38
Calculate the highest common divisor of 72 and 135.
9
Calculate the greatest common factor of 52 and 4.
4
What is the greatest common factor of 365 and 25?
5
What is the greatest common divisor of 1334 and 276?
46
Calculate the highest common divisor of 8189 and 19.
19
Calculate the highest common divisor of 162 and 2106.
162
What is the highest common divisor of 48 and 42?
6
What is the highest common divisor of 24 and 3?
3
What is the greatest common divisor of 1408 and 506?
22
What is the greatest common factor of 400 and 125?
25
What is the highest common divis